 Let a = g - -4. Let l be 86/4 - a/(-6). Calculate the highest common divisor of 2 and l.
2
Let q = -4 - -8. Calculate the greatest common factor of q and 2.
2
Let c be (-2)/(-3) - (-10)/(-6). Let t be 2*((-2)/4)/c. Suppose 0*m = 2*q + 2*m - 4, m + t = 2*q. Calculate the highest common divisor of 2 and q.
1
Let k be 195/9 + -2 - (-3)/9. What is the greatest common divisor of 30 and k?
10
Suppose 4*h - 37 = -25. Let g(w) = w**2 - 2*w - 5. Let u be g(4). Suppose 36 = 7*d - u*d. What is the greatest common divisor of d and h?
3
Suppose -m - m + 6 = -2*z, 5*m - 25 = -5*z. Let j(f) = 2 - 5*f - m - 5*f - f**2 - 7. Let i be j(-7). Calculate the highest common divisor of i and 132.
12
Let d be (7/35 - -1)/(2/60). What is the greatest common divisor of 24 and d?
12
Suppose 6*z - z = 85. Let b = 25 - z. What is the greatest common divisor of b and 40?
8
Let d(p) = 6*p. Let q be d(1). Suppose h = q*h - 100. What is the highest common factor of 4 and h?
4
Let i = 32 - -6. Suppose 5*n - 98 = 4*r - 5*r, -4*n + 3*r + 67 = 0. Calculate the greatest common factor of i and n.
19
Let g(n) = -4*n + 4. Let c be g(-21). Calculate the highest common divisor of c and 8.
8
Suppose 3*j - 12 = 24. What is the highest common factor of 18 and j?
6
Suppose 2*a + 2 - 6 = 0. Suppose -j - 28 = -5*o - 0*j, -a*o = -3*j - 19. Calculate the highest common divisor of o and 55.
5
Suppose -4*w + 4 = -4. Let z be 105 - (0 + 0)/w. Calculate the greatest common divisor of 21 and z.
21
Let j(d) = d**3 - 4*d**2 + 3*d + 3. Let y be j(3). Suppose -6 = -y*h - 0. What is the highest common factor of h and 10?
2
Suppose -130 = -5*x + 5*m, 5*x + 4*m - 5*m = 110. Calculate the highest common factor of 3 and x.
3
Let r(i) = -i**2 + 6*i. Let f be r(4). Let w = 72 - 43. Let s = w + 35. What is the greatest common divisor of f and s?
8
Let u be (-12)/(-6) + (-1 - -40). What is the highest common divisor of u and 328?
41
Let c = 202 + -136. What is the greatest common divisor of c and 6?
6
Suppose 19*l = 24*l - 330. What is the greatest common divisor of l and 44?
22
Suppose -3*i = -2*g + 2*i + 87, -2*i - 72 = -2*g. Suppose -3*j + 5*l = -41, -5*l = 4*j - j - g. What is the greatest common divisor of j and 48?
12
Suppose -c + 0*c = 2, -5*x - c = -13. Suppose -4 = -3*y + 2. What is the greatest common divisor of x and y?
1
Let m(u) = -8*u + 7*u**2 + 18*u + 6*u**2 + u**3. Let l be m(-12). Calculate the highest common factor of 6 and l.
6
Suppose 3*o - 60 = o. What is the highest common divisor of o and 210?
30
Suppose 0 = -2*c - 2, -5*n + 71 = c + 12. Calculate the highest common divisor of 84 and n.
12
Suppose -3*u = -0*u - 9. Let h(k) = -2*k + 5 + 3*k + 3*k**2 - 2*k**2 - k**u. Let t be h(0). What is the highest common divisor of 45 and t?
5
Suppose -23*l + 345 + 621 = 0. What is the highest common divisor of 12 and l?
6
Suppose -4*d = -5*s - 6 - 12, 4 = -s + d. Let z be 8 - s*3/6. What is the highest common divisor of z and 27?
9
Let i = 6 - -4. Calculate the highest common divisor of i and 10.
10
Let m(b) = -b**3 + 9*b + 7. Let s be m(-7). What is the greatest common divisor of s and 7?
7
Let j be 4/10 - (-163)/5. Calculate the greatest common divisor of 66 and j.
33
Suppose 0 - 10 = -r. Let t = 77 - -13. Calculate the highest common factor of r and t.
10
Let n be 13*(1 + 3) + 0. Suppose -5*l + 189 = 4*f - 316, 0 = -2*l - 6. Calculate the highest common divisor of f and n.
26
Suppose -z - 4 = -7. Suppose -z*r - 152 = 13. Let w be (-265)/r - 4/(-22). Calculate the highest common factor of 45 and w.
5
Suppose -27*a - 45 = -30*a. Calculate the greatest common factor of a and 105.
15
Suppose 0*c - c = -14. Calculate the greatest common divisor of c and 154.
14
Let d(j) = 5*j**2 - 3*j + 7. Let f be d(4). What is the highest common factor of 50 and f?
25
Let b be (-12)/((-1)/2 + -1). Suppose -i = 4*h - 14 - 46, 2*i = b. Let c = 162 + -8. What is the highest common factor of c and h?
14
Let i be (-4)/(0 + -4)*-1. Let d(b) = b + 6. Let c be d(-5). Let k be (-1 - (i + -8))*c. What is the greatest common divisor of 72 and k?
8
Suppose -4*v = v. Suppose -5*k + 3*q = -18 - 16, -k + 3*q + 14 = v. Calculate the greatest common divisor of 2 and k.
1
Let m(d) = -d**3 + 4*d**2 - 4. Let w be m(4). Let h = w - -6. Suppose -3*c + o = -3 - 4, 15 = 3*o. Calculate the greatest common factor of h and c.
2
Let c = 87 + -23. Calculate the highest common divisor of 8 and c.
8
Suppose -x + 338 = -3*x. Let s = 239 + x. Suppose 3*a - 56 = a. Calculate the greatest common factor of a and s.
14
Let f(g) = g**2 - g + 1. Let y be f(-3). What is the highest common factor of 143 and y?
13
Let m be 0 + (2 - (3 - 5)). What is the greatest common factor of m and 4?
4
Let o(r) = 13*r + 13. Let f be o(10). Calculate the highest common factor of f and 13.
13
Let y = -52 + 56. What is the greatest common divisor of y and 3?
1
Let c(q) = 3*q - 13. Let h(o) = -2*o + 12. Let m(y) = -4*c(y) - 5*h(y). Let k be m(-10). Let g = 2 + 4. What is the greatest common divisor of k and g?
6
Let h be (-1)/((2/(-6))/((-55)/(-33))). Calculate the greatest common factor of h and 30.
5
Suppose 5*d = -0*d + 55. What is the highest common factor of d and 11?
11
Suppose 0*b = -4*b - 4*q + 48, -2*b + 4*q + 24 = 0. Suppose -2 - 64 = -11*f. Calculate the greatest common divisor of b and f.
6
Let p(k) = k**3 + k + 13. Let t be p(0). What is the highest common factor of 221 and t?
13
Let t(j) = -7*j**3 + 3*j**2 + 5*j + 2. Let y be t(-3). Suppose -5*g + y = -182. What is the greatest common factor of 7 and g?
7
Suppose -3*s + 5*c + 95 = 0, -4*s + c + 0*c = -104. What is the highest common factor of s and 275?
25
Let a(g) be the third derivative of g**5/60 - g**4/6 - 5*g**3/3 - g**2. Let c be a(7). What is the highest common divisor of 11 and c?
11
Let k = 19 - 4. Let g(o) = -o**3 + 5*o**2 + 3*o - 5. Let i be (-3)/4 - (-46)/8. Let v be g(i). What is the highest common factor of k and v?
5
Let a(m) = 27*m**2 + 5*m + 7. Let b be a(-2). What is the greatest common factor of 21 and b?
21
Suppose -195 = -10*d + 5*d. Suppose 2*v - d = 3*y, -y = -4*v - 0*y + 63. What is the highest common divisor of v and 120?
15
Let y = 2 + -2. Suppose 4*v - 32 = -3*u - u, y = 4*v - 4*u - 56. Let b = -167 + 266. Calculate the highest common divisor of b and v.
11
Suppose 189 = t - 20. Suppose -5*u + 70 = -0*u. Let g = 5 + u. What is the greatest common divisor of t and g?
19
Let c(b) = -b**2 - 18*b - 33. Let o be c(-15). Let d = -21 - -105. What is the greatest common divisor of d and o?
12
Let v = 51 - 1. Let h(f) = f**3 - 5*f**2 - 2*f - 4. Let n be h(6). Calculate the greatest common factor of v and n.
10
Let y be -3*(-8)/12 + 2. Suppose y*r = 3*t - 64, -5*t + 4*r = -3*t - 40. What is the highest common factor of 8 and t?
8
Suppose -2068 = -12*d - 508. What is the highest common factor of 78 and d?
26
Suppose 8*x - 3*x = -4*q + 127, x + q = 25. Calculate the highest common divisor of 27 and x.
27
Let o(x) = 9*x**3 - x + x + 2*x - 1. Let a be o(1). What is the greatest common factor of a and 4?
2
Suppose u + 152 = 5*v, 0 = 2*v - 2*u - u - 66. Let c = 112 - 67. Calculate the greatest common factor of v and c.
15
Let k be 5 + -2 - (1 + -2). Let c = 9 - k. Suppose -y = 0, -2*w + 18 = w + c*y. Calculate the greatest common divisor of w and 54.
6
Let m(d) = d**3 - 2*d**2 - 4*d + 4. Let y be m(4). Suppose -4*t + 25 = t. What is the highest common divisor of y and t?
5
Suppose -2*f = -3*f + 12. Calculate the greatest common factor of 6 and f.
6
Let y(h) = -h + 3. Let o be y(-2). Suppose -4*b = -u - 2*b + 56, 5*u - o*b - 275 = 0. What is the highest common factor of u and 6?
6
Let o(t) = 2*t**2 - 11. Let m be o(-10). What is the greatest common divisor of 21 and m?
21
Let m = -10 + 6. Let u = m + 8. Let l(z) = z**2 - z + 8. Let q be l(0). What is the highest common divisor of u and q?
4
Let s(z) = 17*z**2 - 2*z - 1. Let c be s(-1). Suppose 3*j - j = -c. Let u be 4/3 + (-6)/j. Calculate the highest common factor of 5 and u.
1
Let n = -3 + 7. Suppose 5*u = o - n, 5*o = 2*u + 12 + 8. Calculate the highest common divisor of o and 6.
2
Let t = 17 + -12. Suppose -3*r + 2 = 2*a, r - 4*a + a - 19 = 0. Suppose -2 = -3*g + r*n + 1, -17 = -4*g + n. What is the highest common factor of g and t?
5
Let g(o) 